ime factors of o.
2
Suppose s = -4*s + 20. What are the prime factors of (s/5)/(6/15)?
2
Let k(d) = -2*d**3 - 5*d**2 + 6*d + 5. List the prime factors of k(-5).
2, 5
Suppose -3*a = -6*a. Suppose 2*r + 2*r - 216 = a. List the prime factors of r.
2, 3
Suppose 0 = 4*y - 3*q - 494, -q + 358 = 3*y + 3*q. List the prime factors of y.
2, 61
Let a(j) = -j**3 + 3*j**2 + 3*j + 4. Let r be a(4). Suppose 4*m - 1 - 19 = r. What are the prime factors of m?
5
Suppose 5*x = 5*p - 5, -5*p + 0*x = -x + 15. Let g be (p - -2)/((-2)/20). What are the prime factors of (-64)/(-5) - (-4)/g?
13
Let g(t) = 26*t**2 + 7*t - 11. What are the prime factors of g(2)?
107
Suppose 2*n - 11 = m + 2*m, -4*m - 7 = 5*n. Let a = 7 + n. Suppose 3*f = 10 + a. List the prime factors of f.
2, 3
Suppose 10 = -4*b - n - 30, b - 1 = -3*n. Let y = b - -16. What are the prime factors of y?
5
Let b = 34 - -43. List the prime factors of b.
7, 11
Let o be (2 - 1)*(-2 + -4). Let a(z) = -z**3 - 7*z**2 - 8*z - 6. Let b be a(o). Suppose b*l - 20 = 2*l. What are the prime factors of l?
5
Suppose -u = -3*k - 9 - 1, 5*k + 40 = 5*u. Suppose -3*x - 16 = -u*x. List the prime factors of x.
2
Let m = 0 + -9. Let i(u) = 5*u**2 - 2*u + 3. Let y be i(2). Let l = y + m. What are the prime factors of l?
2, 5
Let v(j) be the second derivative of 5*j**4/4 - j**3/3 + j**2/2 + 2*j. What are the prime factors of v(1)?
2, 7
Suppose -p - 1 - 9 = -2*c, 2*c - 10 = 4*p. Let o = -3 + c. Suppose -17 = -3*r - o. List the prime factors of r.
5
Let k = 436 - 236. List the prime factors of k.
2, 5
Suppose 0 = -d, -2*d - 2 = -k + 3. Suppose 176 = 3*l + 4*z, 0 = 3*l + k*z + 89 - 270. What are the prime factors of l?
2, 13
Let k(r) = -r**2 + 3*r + 298. List the prime factors of k(0).
2, 149
Let b(t) = 20*t + 5. Let p be b(9). Suppose -4*u + p = -s, u - 4*s + 2*s - 55 = 0. What are the prime factors of u?
3, 5
What are the prime factors of 6/(-15) + (-624)/(-10)?
2, 31
Suppose 0 = -2*z + 5*z + 3. Let i be z + 3 + 0 + 1. Suppose -i*v - 36 = -4*x + v, 0 = -4*v. List the prime factors of x.
3
Let q = 57 + 4. List the prime factors of q.
61
Suppose -4*g + 12 = 0, g - 3 = t - 2. Suppose -t*o = -5*o + 12. Suppose u = l + 4*u - 8, 6 = -l + o*u. List the prime factors of l.
2
Let x be (7 - -3)/((-4)/(-10)). Suppose 4*l - 5*d = x + 19, -5*l = 5*d - 55. What are the prime factors of l?
11
Suppose 0 = -0*j - 4*j + 40. Suppose 3*w - 11 = 2*i - 0, j = 3*w - i. List the prime factors of w.
3
Suppose 0*m - 6 = 3*m. What are the prime factors of (-1 + m - -25) + -3?
19
Let c be 7*(0 - 24/(-14)). Let w = c + -10. List the prime factors of 42/(4/w) + 1.
2, 11
Suppose -5*k + 5 = -5. Suppose g + 19 = -2*o + 6*g, -4 = 2*o - k*g. What are the prime factors of 5/o + (-3)/(-9)?
2
Let q be (-1 - 2/(-4))*6. Suppose -4*i + 5*t = 17, 2*i + 0*t + 13 = t. Let w = q - i. What are the prime factors of w?
5
Let h = 16 - 14. Suppose h*r = 7*r - 80. What are the prime factors of r?
2
Let v(n) be the second derivative of n**6/120 - n**4/24 + n**3/3 + n**2/2 + 2*n. Let i(z) be the first derivative of v(z). What are the prime factors of i(2)?
2
Let j be (-1 + -1)/(2/(-7)). Suppose -2*o + o + j = 0. What are the prime factors of o?
7
Suppose 10 = 3*r - 119. What are the prime factors of r?
43
Suppose -x + 27 + 111 = 0. List the prime factors of x.
2, 3, 23
List the prime factors of -78*(4/(-8) - 0).
3, 13
Let r(o) = o**3 + o**2 - o + 1. Let c be r(1). What are the prime factors of c/(-10) - (-208)/40?
5
What are the prime factors of 34 - (2 + -2)/1?
2, 17
Let j be 6/(-4)*(-1 - -5). Let n = 12 + j. List the prime factors of n.
2, 3
Let x(n) = -n**2 + 5*n + 8. Let f be x(6). Suppose 19 = -f*w + 3*w. List the prime factors of w.
19
List the prime factors of (145/10)/(1/4).
2, 29
Suppose -2*x + 0*x = -104. What are the prime factors of x?
2, 13
Let t(z) = -z**3 - 2*z**2 + 3*z + 4. Let q(f) = -f**3 - 5*f**2 - 4*f - 6. Let x be q(-4). Let r = -9 - x. What are the prime factors of t(r)?
2
Suppose 2*a - 4*a = 0. Suppose a = -2*n + 6. Suppose -5*c + 5 = 6*s - s, -c - n*s = 3. What are the prime factors of c?
3
Suppose -84 = -3*m - 12. List the prime factors of m.
2, 3
Let i = 28 + -12. List the prime factors of i.
2
Let m be 2/(-10) - 84/(-20). Suppose 68 = -2*h + m*h. What are the prime factors of h?
2, 17
Let z(b) = -b**3 + 7*b**2 + 10*b - 5. What are the prime factors of z(8)?
11
Let b = 10 + -8. Suppose -3*w - 5*m + 14 = 0, -6*m + m = b*w - 11. List the prime factors of w.
3
Let l(f) = f + 4. Let v be l(-5). List the prime factors of v/((4/(-2))/16).
2
Let b(a) = 4*a. Let o(c) be the second derivative of -c**3/6 + 3*c**2 + 2*c. Let q be o(5). List the prime factors of b(q).
2
Suppose -4*c - 20 = 0, -2*t - 350 = -6*t + 2*c. List the prime factors of t.
5, 17
Let l(y) be the second derivative of -2*y + 1/4*y**4 - 1/3*y**3 - y**2 + 0. What are the prime factors of l(-2)?
2, 7
Suppose -44 = -a - 3*a. Let q be 692/20 - (-2)/5. Suppose 0*l + 3*v + q = 5*l, a = 4*l + v. What are the prime factors of l?
2
Suppose -4*l - 86 = -338. What are the prime factors of l?
3, 7
Let o be 6/(-3) + 8 - -2. Let s be 2 + -4 - -1 - 3. Let r = o + s. What are the prime factors of r?
2
Let j = 3 - -26. Suppose -81 = -3*h - 0*h. Suppose 0 = -2*o + 3*z + h + 7, -z = 3*o - j. What are the prime factors of o?
11
Suppose 8*a - 4*a = -20, 16 = -2*j + 4*a. List the prime factors of (-6)/(-27) - 230/j.
13
Suppose -5*o - 32 = -392. Let q = o - 34. List the prime factors of q.
2, 19
Suppose -4*o - 40 = -6*o - 3*p, 0 = 5*p + 20. What are the prime factors of o?
2, 13
Let w be 5*(4 - (-52)/(-10)). Let f = w + 35. What are the prime factors of f?
29
Let f(x) = 2*x + 6 + 0*x - x. Let i be f(-5). List the prime factors of i/2 + (-44)/(-8).
2, 3
Suppose -4*f + 6 = -f. Let g = 27 + -16. Let l = g - f. What are the prime factors of l?
3
Suppose -3*w + 20 = q, 2*w - 25 = -5*q + 10. Suppose 0 = -4*k + 2*o + 86, -3*k - q*o + 76 = 18. What are the prime factors of k?
3, 7
Let y = -24 + 37. Suppose 0 = -3*j - k + y + 7, 5*j - 2*k = 48. What are the prime factors of j?
2
Suppose -2*z + 579 = 5*o, z + 3*z + 12 = 0. Let s = o - 68. What are the prime factors of s?
7
Let h = -14 - 0. Let v(f) = f**3 + 15*f**2 + 11*f - 19. What are the prime factors of v(h)?
23
Suppose 18 = c + z, -5*z + 4 = -z. What are the prime factors of c?
17
Suppose -2*l = 3*p - 203, -4*l + 338 = 5*p - l. Suppose -5*q + p = 2. List the prime factors of q.
13
Let w(f) = -f + 12. Let q be w(7). Suppose -b + 5*u = -22, -23 - 60 = -q*b - 2*u. Suppose -b = -3*m + 7. What are the prime factors of m?
2
Suppose 0*u + 4 = u. Suppose r + v - 17 = -u*r, -9 = -3*r - v. Suppose r*d - 20 = 8. What are the prime factors of d?
7
Suppose 3*n + 20 = -n, 0 = -u + n + 10. Suppose -1 = 2*s - u. What are the prime factors of (-1)/(-2)*8/s?
2
Suppose 0*r + 84 = 4*r. What are the prime factors of 122/14 - (-6)/r?
3
Let i be (2 - 3) + (7 - -1). Suppose 2*h + 3*h - 40 = 0. Let k = h + i. List the prime factors of k.
3, 5
Let o(s) = -8*s - 2. Let q be o(-2). What are the prime factors of (q/(-28))/(2/(-72))?
2, 3
Suppose -5*m - 4*c + 125 = 0, -4*c + 11 = -3*m + 86. List the prime factors of m - -3*(-8)/(-12).
3
What are the prime factors of (3 + -30)/((-6)/4)?
2, 3
List the prime factors of 57*((-6)/(-9) + 1).
5, 19
Let a(d) = d**2 - 10*d + 11. Let n(b) = -b + 9. Let j be n(0). Let k be a(j). Suppose -m + 26 = 2*l, -2*m + k*l + 46 = 4*l. List the prime factors of m.
2, 5
Let h = -19 - -28. What are the prime factors of h?
3
Let x be 52/(-14) - (-2)/(-7). Let c(p) be the second derivative of -p**3/3 + 2*p**2 + 3*p. List the prime factors of c(x).
2, 3
What are the prime factors of (18/(-36))/(1/(-182))?
7, 13
What are the prime factors of 2*-2 + 327 + 2?
5, 13
Suppose 2*c = 6*c. Suppose -2*a = -c*a + 20. List the prime factors of (-85)/a + (-2)/4.
2
Let f be 21/4 + 1/(-4). Suppose -4*p = -r + f, -4*r + 20 + 0 = -3*p. Suppose x - 9 = j, 4*x = -0*x - r*j + 45. What are the prime factors of x?
2, 5
List the prime factors of ((-1)/2)/(2/(-156)).
3, 13
Suppose 5*k = -3*b + 12, 3*b - 12 = -0*b - 2*k. Suppose -4*r + 2*z = b*z - 88, -2*r - 3*z + 36 = 0. Let c = -12 + r. List the prime factors of c.
2, 3
Suppose -z + 167 = 17. List the prime factors of z.
2, 3, 5
Suppose 8*c - 9 = f +